 by 65.
63
Calculate the remainder when 2735 is divided by 772.
419
Calculate the remainder when 19433 is divided by 51.
2
What is the remainder when 7521 is divided by 19?
16
What is the remainder when 181069 is divided by 16?
13
Calculate the remainder when 2782 is divided by 318.
238
Calculate the remainder when 304600 is divided by 152.
144
What is the remainder when 348705 is divided by 109?
14
Calculate the remainder when 19553 is divided by 6512.
17
Calculate the remainder when 19865 is divided by 145.
0
What is the remainder when 7464 is divided by 14?
2
Calculate the remainder when 7626 is divided by 35.
31
What is the remainder when 7498 is divided by 9?
1
What is the remainder when 433 is divided by 90?
73
Calculate the remainder when 1384368 is divided by 5.
3
Calculate the remainder when 70188 is divided by 214.
210
Calculate the remainder when 19816 is divided by 374.
368
What is the remainder when 314270 is divided by 13?
8
Calculate the remainder when 74708 is divided by 10.
8
What is the remainder when 26860 is divided by 248?
76
Calculate the remainder when 4228 is divided by 236.
216
Calculate the remainder when 11234 is divided by 2808.
2
What is the remainder when 2123 is divided by 955?
213
Calculate the remainder when 23564 is divided by 1458.
236
What is the remainder when 901 is divided by 86?
41
What is the remainder when 31097 is divided by 231?
143
Calculate the remainder when 92126 is divided by 46061.
4
Calculate the remainder when 27851 is divided by 733.
730
Calculate the remainder when 9282 is divided by 1696.
802
Calculate the remainder when 1411 is divided by 104.
59
Calculate the remainder when 20864 is divided by 15.
14
What is the remainder when 8492 is divided by 8475?
17
What is the remainder when 5289 is divided by 1743?
60
Calculate the remainder when 794 is divided by 53.
52
Calculate the remainder when 28502 is divided by 53.
41
What is the remainder when 35344 is divided by 982?
974
Calculate the remainder when 8363 is divided by 2088.
11
What is the remainder when 995 is divided by 67?
57
What is the remainder when 11129 is divided by 107?
1
What is the remainder when 9124 is divided by 243?
133
What is the remainder when 1494 is divided by 35?
24
Calculate the remainder when 26399 is divided by 150.
149
Calculate the remainder when 5377 is divided by 697.
498
What is the remainder when 169616 is divided by 56534?
14
What is the remainder when 9685 is divided by 93?
13
What is the remainder when 1105 is divided by 357?
34
Calculate the remainder when 1628006 is divided by 381.
374
Calculate the remainder when 54897 is divided by 253.
249
What is the remainder when 9842 is divided by 327?
32
Calculate the remainder when 3981 is divided by 110.
21
What is the remainder when 87051 is divided by 87029?
22
Calculate the remainder when 13763 is divided by 692.
615
What is the remainder when 14530 is divided by 119?
12
Calculate the remainder when 46764 is divided by 888.
588
Calculate the remainder when 228968 is divided by 80.
8
What is the remainder when 115226 is divided by 3840?
26
What is the remainder when 9263 is divided by 2309?
27
What is the remainder when 3265 is divided by 326?
5
What is the remainder when 71954 is divided by 27?
26
Calculate the remainder when 25172 is divided by 12580.
12
Calculate the remainder when 856 is divided by 144.
136
What is the remainder when 10488 is divided by 128?
120
What is the remainder when 2367 is divided by 9?
0
What is the remainder when 5652 is divided by 741?
465
What is the remainder when 134319 is divided by 734?
731
What is the remainder when 129303 is divided by 1034?
53
Calculate the remainder when 26154 is divided by 4.
2
What is the remainder when 71310 is divided by 94?
58
Calculate the remainder when 4522 is divided by 54.
40
Calculate the remainder when 5512 is divided by 49.
24
What is the remainder when 117078 is divided by 1830?
1788
What is the remainder when 3742 is divided by 1242?
16
What is the remainder when 3055497 is divided by 1260?
1257
Calculate the remainder when 32401 is divided by 4625.
26
What is the remainder when 188987 is divided by 45?
32
What is the remainder when 94 is divided by 62?
32
What is the remainder when 6162 is divided by 316?
158
Calculate the remainder when 10494 is divided by 57.
6
Calculate the remainder when 55685 is divided by 91.
84
What is the remainder when 893 is divided by 13?
9
What is the remainder when 16852 is divided by 301?
297
Calculate the remainder when 13458 is divided by 446.
78
Calculate the remainder when 114273 is divided by 10.
3
What is the remainder when 4438736 is divided by 15?
11
What is the remainder when 8653 is divided by 2162?
5
What is the remainder when 21951 is divided by 10919?
113
Calculate the remainder when 48485 is divided by 130.
125
Calculate the remainder when 486742 is divided by 162241.
19
Calculate the remainder when 90503 is divided by 118.
115
What is the remainder when 74124 is divided by 37059?
6
Calculate the remainder when 85869 is divided by 155.
154
What is the remainder when 1107 is divided by 891?
216
Calculate the remainder when 1740 is divided by 918.
822
What is the remainder when 1550 is divided by 174?
158
What is the remainder when 8066 is divided by 367?
359
What is the remainder when 9652 is divided by 194?
146
Calculate the remainder when 7413 is divided by 1393.
448
Calculate the remainder when 7812 is divided by 105.
42
Calculate the remainder when 17397 is divided by 20.
17
What is the remainder when 170773 is divided by 103?
102
What is the remainder when 53896 is divided by 86?
60
Calculate the remainder when 491 is divided by 239.
13
Calculate the remainder when 2081619 is divided by 466.
463
Calculate the remainder when 10102 is divided by 3286.
244
What is the remainder when 5591 is divided by 5358?
233
What is the remainder when 23484 is divided by 62?
48
Calculate the remainder when 4932 is divided by 128.
68
Calculate the remainder when 13154 is divided by 267.
71
What is the remainder when 155683 is divided by 17?
14
Calculate the remainder when 29308 is divided by 9769.
1
Calculate the remainder when 8086 is divided by 1009.
14
What is the remainder when 12550 is divided by 3936?
742
Calculate the remainder when 30909 is divided by 42.
39
Calculate the remainder when 4065 is divided by 1353.
6
Calculate the remainder when 25779 is divided by 562.
489
What is the remainder when 148406 is divided by 19?
16
What is the remainder when 22010 is divided by 143?
131
Calculate the remainder when 83166 is divided by 226.
224
Calculate the remainder when 142463 is divided by 35613.
11
What is the remainder when 51479 is divided by 104?
103
Calculate the remainder when 21556 is divided by 36.
28
What is the remainder when 1374 is divided by 415?
129
Calculate the remainder when 3022 is divided by 83.
34
Calculate the remainder when 1817 is divided by 18.
17
Calculate the remainder when 7542 is divided by 41.
39
Calculate the remainder when 27344 is divided by 129.
125
Calculate the remainder when 18016 is divided by 3603.
1
What is the remainder when 6807 is divided by 1243?
592
What is the remainder when 908314 is divided by 43?
25
What is the remainder when 16974 is divided by 2806?
138
Calculate the remainder when 1614500 is divided by 343.
342
What is the remainder when 238065 is divided by 751?
749
Calculate the remainder when 6513 is divided by 107.
93
Calculate the remainder when 2415 is divided by 1198.
19
What is the remainder when 1518433 is divided by 823?
821
What is the remainder when 14249 is divided by 19?
18
What is the remainder when 2925 is divided by 56?
13
Calculate the remainder when 400352 is divided by 106.
96
What is the remainder when 2529 is divided by 839?
12
What is the remainder when 41716 is divided by 2083?
56
Calculate the remainder when 1907991 is divided by 11.
8
Calculate the remainder when 4814 is divided by 91.
82
Calculate the remainder when 2954 is divided by 2903.
51
Calculate the remainder when 535458 is divided by 20.
18
Calculate the remainder when 8602 is divided by 175.
27
What is the remainder when 7317 is divided by 61?
58
What is the remainder when 13394 is divided by 36?
2
What is the r